{"id":9,"date":"2017-05-13T21:40:46","date_gmt":"2017-05-13T19:40:46","guid":{"rendered":"http:\/\/lesfurieslyriques.com\/?page_id=9"},"modified":"2023-02-23T14:45:45","modified_gmt":"2023-02-23T13:45:45","slug":"collectif","status":"publish","type":"page","link":"http:\/\/lesfurieslyriques.com\/?page_id=9","title":{"rendered":"Collectif"},"content":{"rendered":"<p style=\"text-align: justify;\"><span style=\"color: #767676;\">M\u00fb par une forte \u00e9nergie de cr\u00e9er, de partager, d\u2019aller dans des chemins de traverse pour offrir la voix lyrique diff\u00e9remment, le collectif <i>Les Furies Lyriques<\/i> a vu le jour.<\/span><\/p>\n<p style=\"text-align: justify;\"><span style=\"color: #767676;\">Notre compagnie de chanteurs, d\u2019artistes est \u00e0 l\u2019origine de spectacle de petites formes. Elle met en lumi\u00e8re du r\u00e9pertoire peu jou\u00e9, explore des lieux de repr\u00e9sentation insolites afin d\u2019atteindre un public toujours plus large.<\/span><\/p>\n<p style=\"text-align: justify;\"><span style=\"color: #767676;\">Nous aimons d\u00e9placer les habitudes, mettre le spectateur dans une posture diff\u00e9rente face au r\u00e9pertoire classique\u00a0et braver les conventions li\u00e9es au genre, toujours dans un souci de servir la musique, le th\u00e9\u00e2tre, les mots, la voix.<\/span><\/p>\n<p style=\"text-align: justify;\"><span style=\"color: #767676;\">Le chant lyrique est au centre de notre engagement. Par le corps vibrant, il est l\u2019art de se projeter dans l\u2019espace avec g\u00e9n\u00e9rosit\u00e9 \u00e0 la rencontre de l\u2019autre.<\/span><\/p>\n<p style=\"text-align: justify;\"><span style=\"color: #767676;\">Autour de cette id\u00e9e, notre collectif s\u2019interroge \u00e0 travers ses cr\u00e9ations, ses spectacles, ses performances, ses interventions sur ce lien unique et \u00e9ph\u00e9m\u00e8re de l\u2019instant habit\u00e9 avec le spectateur.<\/span><\/p>\n<div style=\"width: 50%; padding: 0 10px 0 0; float: left;\">\n<h4 style=\"text-align: left;\"><a href=\"http:\/\/lesfurieslyriques.com\/?page_id=272#biokatya\"><img loading=\"lazy\" class=\"size-thumbnail wp-image-1040 alignleft\" src=\"http:\/\/lesfurieslyriques.com\/wp-content\/uploads\/2018\/02\/IMG_4331-2-e1521880479225-150x150.jpg\" alt=\"\" width=\"150\" height=\"150\" srcset=\"http:\/\/lesfurieslyriques.com\/wp-content\/uploads\/2018\/02\/IMG_4331-2-e1521880479225-150x150.jpg 150w, http:\/\/lesfurieslyriques.com\/wp-content\/uploads\/2018\/02\/IMG_4331-2-e1521880479225-300x300.jpg 300w, http:\/\/lesfurieslyriques.com\/wp-content\/uploads\/2018\/02\/IMG_4331-2-e1521880479225-768x768.jpg 768w, http:\/\/lesfurieslyriques.com\/wp-content\/uploads\/2018\/02\/IMG_4331-2-e1521880479225-1024x1024.jpg 1024w\" sizes=\"(max-width: 150px) 100vw, 150px\" \/><\/a><a href=\"http:\/\/lesfurieslyriques.com\/?page_id=272#biokatya\">Katya Cuozzo<\/a><\/h4>\n<h4 style=\"text-align: left;\"><a href=\"http:\/\/lesfurieslyriques.com\/?page_id=272#bioelisabeth\"><img loading=\"lazy\" class=\"size-thumbnail wp-image-860 alignleft\" src=\"http:\/\/lesfurieslyriques.com\/wp-content\/uploads\/2018\/02\/Babette-3831-150x150.jpg\" alt=\"\" width=\"150\" height=\"150\" srcset=\"http:\/\/lesfurieslyriques.com\/wp-content\/uploads\/2018\/02\/Babette-3831-150x150.jpg 150w, http:\/\/lesfurieslyriques.com\/wp-content\/uploads\/2018\/02\/Babette-3831-600x600.jpg 600w\" sizes=\"(max-width: 150px) 100vw, 150px\" \/><\/a><a style=\"text-align: center;\" href=\"http:\/\/lesfurieslyriques.com\/?page_id=272#bioelisabeth\">Elisabeth Gillming<\/a><\/h4>\n<h4 style=\"text-align: left;\"><img loading=\"lazy\" class=\"wp-image-2219 size-thumbnail alignleft\" src=\"http:\/\/lesfurieslyriques.com\/wp-content\/uploads\/2020\/04\/Teresa1-150x150.png\" alt=\"\" width=\"150\" height=\"150\" \/><a href=\"http:\/\/lesfurieslyriques.com\/?page_id=272#bioteresa\">Teresa Martin Santos<\/a><\/h4>\n<\/div>\n<div style=\"width: 50%; padding: 0 10px 0 0; float: right;\">\n<h4 style=\"text-align: left;\"><a href=\"http:\/\/lesfurieslyriques.com\/?page_id=272#bioarielle\"><img loading=\"lazy\" class=\"size-thumbnail wp-image-1110 alignleft\" src=\"http:\/\/lesfurieslyriques.com\/wp-content\/uploads\/2018\/02\/Portrait_0508-recadr\u00e9e-150x150.jpeg\" alt=\"\" width=\"150\" height=\"150\" \/><\/a><a href=\"http:\/\/lesfurieslyriques.com\/?page_id=272#bioarielle\">Arielle Pestalozzi<\/a><\/h4>\n<h4 style=\"text-align: left;\"><a href=\"http:\/\/lesfurieslyriques.com\/?page_id=272#bioprune\"><img loading=\"lazy\" class=\"alignleft wp-image-2008 size-thumbnail\" src=\"http:\/\/lesfurieslyriques.com\/wp-content\/uploads\/2018\/03\/Portrait-Prune-150x150.png\" alt=\"\" width=\"150\" height=\"150\" \/><\/a><a href=\"http:\/\/lesfurieslyriques.com\/?page_id=272#bioprune\">Prune Guillaumon<\/a><\/h4>\n<\/div>\n<div style=\"clear: both;\">\u00a0<\/div>\n\n\n<figure class=\"wp-block-image\"><img alt=\"\"\/><\/figure>\n","protected":false},"excerpt":{"rendered":"<p>M\u00fb par une forte \u00e9nergie de cr\u00e9er, de partager, d\u2019aller dans des chemins de traverse pour offrir la voix lyrique diff\u00e9remment, le collectif Les Furies Lyriques a vu le jour. Notre compagnie de chanteurs, d\u2019artistes est \u00e0 l\u2019origine de spectacle de petites formes. Elle met en lumi\u00e8re du r\u00e9pertoire peu jou\u00e9, explore des lieux de [&hellip;]<\/p>\n","protected":false},"author":1,"featured_media":0,"parent":0,"menu_order":0,"comment_status":"closed","ping_status":"closed","template":"","meta":[],"_links":{"self":[{"href":"http:\/\/lesfurieslyriques.com\/index.php?rest_route=\/wp\/v2\/pages\/9"}],"collection":[{"href":"http:\/\/lesfurieslyriques.com\/index.php?rest_route=\/wp\/v2\/pages"}],"about":[{"href":"http:\/\/lesfurieslyriques.com\/index.php?rest_route=\/wp\/v2\/types\/page"}],"author":[{"embeddable":true,"href":"http:\/\/lesfurieslyriques.com\/index.php?rest_route=\/wp\/v2\/users\/1"}],"replies":[{"embeddable":true,"href":"http:\/\/lesfurieslyriques.com\/index.php?rest_route=%2Fwp%2Fv2%2Fcomments&post=9"}],"version-history":[{"count":63,"href":"http:\/\/lesfurieslyriques.com\/index.php?rest_route=\/wp\/v2\/pages\/9\/revisions"}],"predecessor-version":[{"id":2434,"href":"http:\/\/lesfurieslyriques.com\/index.php?rest_route=\/wp\/v2\/pages\/9\/revisions\/2434"}],"wp:attachment":[{"href":"http:\/\/lesfurieslyriques.com\/index.php?rest_route=%2Fwp%2Fv2%2Fmedia&parent=9"}],"curies":[{"name":"wp","href":"https:\/\/api.w.org\/{rel}","templated":true}]}}