{"id":178,"date":"2017-06-23T13:21:47","date_gmt":"2017-06-23T11:21:47","guid":{"rendered":"http:\/\/lesfurieslyriques.com\/?page_id=178"},"modified":"2018-03-14T11:15:49","modified_gmt":"2018-03-14T10:15:49","slug":"reine-de-coeur-et-fete-galante","status":"publish","type":"page","link":"http:\/\/lesfurieslyriques.com\/?page_id=178","title":{"rendered":"Reine de C\u0153ur et F\u00eates Galantes !"},"content":{"rendered":"<h4><span style=\"color: #b04121;\"><strong><span style=\"font-size: 18pt;\">Reine de C\u0153ur et F\u00eates Galantes !<br \/>\n<\/span><\/strong><\/span><span style=\"font-size: 14pt;\">De la m\u00e9lodie Fran\u00e7aise mise en sc\u00e8ne<\/span><\/h4>\n<p style=\"text-align: justify;\"><div id=\"metaslider-id-276\" style=\"max-width: 550px;\" class=\"ml-slider-3-25-2 metaslider metaslider-flex metaslider-276 ml-slider nav-hidden\">\n    <div id=\"metaslider_container_276\">\n        <div id=\"metaslider_276\">\n            <ul aria-live=\"polite\" class=\"slides\">\n                <li style=\"display: block; width: 100%;\" class=\"slide-294 ms-image\"><img src=\"http:\/\/lesfurieslyriques.com\/wp-content\/uploads\/2017\/09\/IMG_8113-e1505066687108-550x360.jpg\" height=\"360\" width=\"550\" alt=\"\" class=\"slider-276 slide-294\" \/><\/li>\n                <li style=\"display: none; width: 100%;\" class=\"slide-297 ms-image\"><img src=\"http:\/\/lesfurieslyriques.com\/wp-content\/uploads\/2017\/09\/IMG_8151-copie-puce-e1505067499269-550x360.jpg\" height=\"360\" width=\"550\" alt=\"\" class=\"slider-276 slide-297\" \/><\/li>\n                <li style=\"display: none; width: 100%;\" class=\"slide-295 ms-image\"><img src=\"http:\/\/lesfurieslyriques.com\/wp-content\/uploads\/2017\/09\/IMG_8081-e1505066755910-550x360.jpg\" height=\"360\" width=\"550\" alt=\"\" class=\"slider-276 slide-295\" \/><\/li>\n                <li style=\"display: none; width: 100%;\" class=\"slide-301 ms-image\"><img src=\"http:\/\/lesfurieslyriques.com\/wp-content\/uploads\/2017\/09\/06062015-DSC_4941-2-550x360.jpg\" height=\"360\" width=\"550\" alt=\"\" class=\"slider-276 slide-301\" \/><\/li>\n                <li style=\"display: none; width: 100%;\" class=\"slide-296 ms-image\"><img src=\"http:\/\/lesfurieslyriques.com\/wp-content\/uploads\/2017\/09\/nif-5052-copie-e1505067451156-550x360.jpeg\" height=\"360\" width=\"550\" alt=\"\" class=\"slider-276 slide-296\" \/><\/li>\n            <\/ul>\n        <\/div>\n        \n    <\/div>\n<\/div><\/p>\n<p style=\"text-align: justify;\">Un spectacle musical piano-chant de 50 mn, tout public, autour de la m\u00e9lodie fran\u00e7aise et de la po\u00e9sie, imagin\u00e9 par Prune Guillaumon.<\/p>\n<p style=\"text-align: justify;\"><em>\u00ab\u00a0En forme de conte pour enfant, ce monodrame truculent, interpr\u00e9t\u00e9 avec p\u00e9tulance par deux musiciennes inventives, Anna Benzakoun, piano et Prune Guillaumon, chant, est mis en sc\u00e8ne avec malice et astuce par\u00a0Julien Ostini.\u00a0Julien Ostini conna\u00eet la musique et\u00a0le travail de la voix, il sait donner du rythme aux sayn\u00e8tes pour que les interpr\u00e8tes, avec charme, se lancent dans une course musicale folle en s\u2019amusant \u00e9perdument. A voir absolument !\u00a0\u00bb<\/em>\u00a0Fran\u00e7ois Passard, directeur de l\u2019Abri, Gen\u00e8ve<\/p>\n<h1 style=\"text-align: justify;\"><span style=\"font-size: 14pt;\">Le spectacle<\/span><\/h1>\n<p style=\"text-align: justify;\">La m\u00e9lodie Fran\u00e7aise est par tradition chant\u00e9e en r\u00e9cital, de fa\u00e7on statique. Ce spectacle propose de s\u2019aventurer hors des conventions dans une mise en sc\u00e8ne o\u00f9 la pianiste est mise en jeu comme la chanteuse, autour d\u2019un piano \u00e0 queue, pour servir la po\u00e9sie de ce r\u00e9pertoire subtil et d\u00e9licat rarement jou\u00e9 dans une forme tout public.<br \/>\nReine de C\u0153ur et F\u00eate Galante est une cr\u00e9ation \u00e0 plusieurs niveaux de lecture imagin\u00e9e pour le plaisir des enfants comme celui des adultes afin de donner \u00e0 entendre diff\u00e9remment la voix lyrique et la po\u00e9sie.<br \/>\nLa Reine de C\u0153ur, <b>Prune Guillaumon, <\/b>extravagante et chaleureuse vous accueille au Ch\u00e2teau de Givre pour une F\u00eate Galante, avec son acolyte, Mme de Motordu<b>, Anna Benzakoun<\/b>, qui dans sa maladresse, sa fougue et son toc de langage pimente cette r\u00e9ception.<br \/>\nAutour d\u2019un piano \u00e0 queue, \u00e9l\u00e9ment principal du d\u00e9cor, ces deux personnages hauts en couleur, vont se narguer, rivaliser, se compl\u00e9ter et voyager au pays des mots dans une mise en sc\u00e8ne ludique, tonique et po\u00e9tique de <b>Julien Ostini<\/b>.<\/p>\n<p style=\"text-align: justify;\"><span style=\"color: #b04121;\"><em>\u00ab\u00a0Le po\u00e8me, cette h\u00e9sitation prolong\u00e9e entre le son et le sens.\u00a0\u00bb\u00a0Paul Valery<\/em><\/span><\/p>\n<p style=\"text-align: justify;\">Avec la musique de Poulenc, Debussy, Satie, Faur\u00e9 et Hahn, la po\u00e9sie d\u2019Aragon, Apollinaire, Car\u00eame, Fargue, Hugo et Verlaine sera de la f\u00eate.<\/p>\n<p style=\"text-align: justify;\"><span style=\"color: #b04121;\"><em>\u00ab\u00a0Au pays de Papouasie,<\/em><\/span><br \/>\n<span style=\"color: #b04121;\"> <em> j\u2019ai caress\u00e9 la Pouasie\u2026<\/em><\/span><br \/>\n<span style=\"color: #b04121;\"> <em> La gr\u00e2ce que je vous souhaite<\/em><\/span><br \/>\n<span style=\"color: #b04121;\"> <em> C\u2019est de n\u2019\u00eatre pas Papou\u00e8te.\u00a0\u00bb<\/em><\/span><br \/>\n<span style=\"color: #b04121;\"> <em> L\u00e9on-Paul Fargue.<\/em><\/span><\/p>\n<p style=\"text-align: justify;\"><span style=\"font-size: 12pt;\">Reine de C\u0153ur et F\u00eates Galantes ! est une cr\u00e9ation qui a \u00e9merg\u00e9 en 2013 au Salon, lieu alternatif Lyonnais et qui, soutenue par la Fondation l\u2019Abri, a trouv\u00e9 sa forme finale en r\u00e9sidence au Centre Culturel pour jeunes talents, \u00e0 Gen\u00e8ve.<\/span><\/p>\n","protected":false},"excerpt":{"rendered":"<p>Reine de C\u0153ur et F\u00eates Galantes ! De la m\u00e9lodie Fran\u00e7aise mise en sc\u00e8ne Un spectacle musical piano-chant de 50 mn, tout public, autour de la m\u00e9lodie fran\u00e7aise et de la po\u00e9sie, imagin\u00e9 par Prune Guillaumon. \u00ab\u00a0En forme de conte pour enfant, ce monodrame truculent, interpr\u00e9t\u00e9 avec p\u00e9tulance par deux musiciennes inventives, Anna Benzakoun, piano [&hellip;]<\/p>\n","protected":false},"author":1,"featured_media":0,"parent":1154,"menu_order":0,"comment_status":"closed","ping_status":"closed","template":"","meta":[],"_links":{"self":[{"href":"http:\/\/lesfurieslyriques.com\/index.php?rest_route=\/wp\/v2\/pages\/178"}],"collection":[{"href":"http:\/\/lesfurieslyriques.com\/index.php?rest_route=\/wp\/v2\/pages"}],"about":[{"href":"http:\/\/lesfurieslyriques.com\/index.php?rest_route=\/wp\/v2\/types\/page"}],"author":[{"embeddable":true,"href":"http:\/\/lesfurieslyriques.com\/index.php?rest_route=\/wp\/v2\/users\/1"}],"replies":[{"embeddable":true,"href":"http:\/\/lesfurieslyriques.com\/index.php?rest_route=%2Fwp%2Fv2%2Fcomments&post=178"}],"version-history":[{"count":51,"href":"http:\/\/lesfurieslyriques.com\/index.php?rest_route=\/wp\/v2\/pages\/178\/revisions"}],"predecessor-version":[{"id":1567,"href":"http:\/\/lesfurieslyriques.com\/index.php?rest_route=\/wp\/v2\/pages\/178\/revisions\/1567"}],"up":[{"embeddable":true,"href":"http:\/\/lesfurieslyriques.com\/index.php?rest_route=\/wp\/v2\/pages\/1154"}],"wp:attachment":[{"href":"http:\/\/lesfurieslyriques.com\/index.php?rest_route=%2Fwp%2Fv2%2Fmedia&parent=178"}],"curies":[{"name":"wp","href":"https:\/\/api.w.org\/{rel}","templated":true}]}}

Reine de Cœur et Fêtes Galantes !

<h4><span style="color: #b04121;"><strong><span style="font-size: 18pt;">Reine de Cœur et Fêtes Galantes !<br />
</span></strong></span><span style="font-size: 14pt;">De la mélodie Française mise en scène</span></h4>
<p style="text-align: justify;"><div id="metaslider-id-276" style="max-width: 550px;" class="ml-slider-3-25-2 metaslider metaslider-flex metaslider-276 ml-slider nav-hidden">
    <div id="metaslider_container_276">
        <div id="metaslider_276">
            <ul aria-live="polite" class="slides">
                <li style="display: block; width: 100%;" class="slide-294 ms-image"><img src="http://lesfurieslyriques.com/wp-content/uploads/2017/09/IMG_8113-e1505066687108-550x360.jpg" height="360" width="550" alt="" class="slider-276 slide-294" /></li>
                <li style="display: none; width: 100%;" class="slide-297 ms-image"><img src="http://lesfurieslyriques.com/wp-content/uploads/2017/09/IMG_8151-copie-puce-e1505067499269-550x360.jpg" height="360" width="550" alt="" class="slider-276 slide-297" /></li>
                <li style="display: none; width: 100%;" class="slide-295 ms-image"><img src="http://lesfurieslyriques.com/wp-content/uploads/2017/09/IMG_8081-e1505066755910-550x360.jpg" height="360" width="550" alt="" class="slider-276 slide-295" /></li>
                <li style="display: none; width: 100%;" class="slide-301 ms-image"><img src="http://lesfurieslyriques.com/wp-content/uploads/2017/09/06062015-DSC_4941-2-550x360.jpg" height="360" width="550" alt="" class="slider-276 slide-301" /></li>
                <li style="display: none; width: 100%;" class="slide-296 ms-image"><img src="http://lesfurieslyriques.com/wp-content/uploads/2017/09/nif-5052-copie-e1505067451156-550x360.jpeg" height="360" width="550" alt="" class="slider-276 slide-296" /></li>
            </ul>
        </div>
        
    </div>
</div></p>
<p style="text-align: justify;">Un spectacle musical piano-chant de 50 mn, tout public, autour de la mélodie française et de la poésie, imaginé par Prune Guillaumon.</p>
<p style="text-align: justify;"><em>« En forme de conte pour enfant, ce monodrame truculent, interprété avec pétulance par deux musiciennes inventives, Anna Benzakoun, piano et Prune Guillaumon, chant, est mis en scène avec malice et astuce par Julien Ostini. Julien Ostini connaît la musique et le travail de la voix, il sait donner du rythme aux saynètes pour que les interprètes, avec charme, se lancent dans une course musicale folle en s’amusant éperdument. A voir absolument ! »</em> François Passard, directeur de l’Abri, Genève</p>
<h1 style="text-align: justify;"><span style="font-size: 14pt;">Le spectacle</span></h1>
<p style="text-align: justify;">La mélodie Française est par tradition chantée en récital, de façon statique. Ce spectacle propose de s’aventurer hors des conventions dans une mise en scène où la pianiste est mise en jeu comme la chanteuse, autour d’un piano à queue, pour servir la poésie de ce répertoire subtil et délicat rarement joué dans une forme tout public.<br />
Reine de Cœur et Fête Galante est une création à plusieurs niveaux de lecture imaginée pour le plaisir des enfants comme celui des adultes afin de donner à entendre différemment la voix lyrique et la poésie.<br />
La Reine de Cœur, <b>Prune Guillaumon, </b>extravagante et chaleureuse vous accueille au Château de Givre pour une Fête Galante, avec son acolyte, Mme de Motordu<b>, Anna Benzakoun</b>, qui dans sa maladresse, sa fougue et son toc de langage pimente cette réception.<br />
Autour d’un piano à queue, élément principal du décor, ces deux personnages hauts en couleur, vont se narguer, rivaliser, se compléter et voyager au pays des mots dans une mise en scène ludique, tonique et poétique de <b>Julien Ostini</b>.</p>
<p style="text-align: justify;"><span style="color: #b04121;"><em>« Le poème, cette hésitation prolongée entre le son et le sens. » Paul Valery</em></span></p>
<p style="text-align: justify;">Avec la musique de Poulenc, Debussy, Satie, Fauré et Hahn, la poésie d’Aragon, Apollinaire, Carême, Fargue, Hugo et Verlaine sera de la fête.</p>
<p style="text-align: justify;"><span style="color: #b04121;"><em>« Au pays de Papouasie,</em></span><br />
<span style="color: #b04121;"> <em> j’ai caressé la Pouasie…</em></span><br />
<span style="color: #b04121;"> <em> La grâce que je vous souhaite</em></span><br />
<span style="color: #b04121;"> <em> C’est de n’être pas Papouète. »</em></span><br />
<span style="color: #b04121;"> <em> Léon-Paul Fargue.</em></span></p>
<p style="text-align: justify;"><span style="font-size: 12pt;">Reine de Cœur et Fêtes Galantes ! est une création qui a émergé en 2013 au Salon, lieu alternatif Lyonnais et qui, soutenue par la Fondation l’Abri, a trouvé sa forme finale en résidence au Centre Culturel pour jeunes talents, à Genève.</span></p>

<p>Reine de Cœur et Fêtes Galantes ! De la mélodie Française mise en scène Un spectacle musical piano-chant de 50 mn, tout public, autour de la mélodie française et de la poésie, imaginé par Prune Guillaumon. « En forme de conte pour enfant, ce monodrame truculent, interprété avec pétulance par deux musiciennes inventives, Anna Benzakoun, piano [&hellip;]</p>
