{"id":17,"date":"2017-05-15T16:48:13","date_gmt":"2017-05-15T14:48:13","guid":{"rendered":"http:\/\/lesfurieslyriques.com\/?page_id=17"},"modified":"2023-05-17T17:13:40","modified_gmt":"2023-05-17T15:13:40","slug":"senflammer-pour-nous","status":"publish","type":"page","link":"http:\/\/lesfurieslyriques.com\/?page_id=17","title":{"rendered":"S&rsquo;enflammer pour nous"},"content":{"rendered":"<p>Par votre don annuel, vous soutenez une aventure artistique originale et passionnante. Vous participez \u00e0 la naissance de frissons, d\u2019\u00e9motions, de bulles d\u2019air, de po\u00e9sie, d\u2019instants \u00e9ph\u00e9m\u00e8res qui sont le souffle de notre soci\u00e9t\u00e9.<\/p>\n<p><strong>Petite braise<\/strong>\u00a0: toute personne qui est pr\u00eate a donner du temps aux Furies Lyriques<\/p>\n<p><strong>Petite flamme<\/strong> : de 50.- \u00e0\u00a0 199.-<\/p>\n<p><strong>Grande flamme<\/strong> : d\u00e8s 200.-<\/p>\n<p>Adressez votre versement \u00e0\u00a0:<\/p>\n<p>Les Furies Lyriques<br \/>\nCCP 14-331706-0 ou IBAN CH110900 0000 1433 1706 0<\/p>\n<p>D\u00e8s r\u00e9ception de votre don, vous serez inform\u00e9s des prochaines cr\u00e9ations.<\/p>\n<p>Les Furies Lyriques vous REMERCIENT chaleureusement.<\/p>\n","protected":false},"excerpt":{"rendered":"<p>Par votre don annuel, vous soutenez une aventure artistique originale et passionnante. Vous participez \u00e0 la naissance de frissons, d\u2019\u00e9motions, de bulles d\u2019air, de po\u00e9sie, d\u2019instants \u00e9ph\u00e9m\u00e8res qui sont le souffle de notre soci\u00e9t\u00e9. Petite braise\u00a0: toute personne qui est pr\u00eate a donner du temps aux Furies Lyriques Petite flamme : de 50.- \u00e0\u00a0 199.- [&hellip;]<\/p>\n","protected":false},"author":1,"featured_media":0,"parent":0,"menu_order":0,"comment_status":"closed","ping_status":"closed","template":"","meta":[],"_links":{"self":[{"href":"http:\/\/lesfurieslyriques.com\/index.php?rest_route=\/wp\/v2\/pages\/17"}],"collection":[{"href":"http:\/\/lesfurieslyriques.com\/index.php?rest_route=\/wp\/v2\/pages"}],"about":[{"href":"http:\/\/lesfurieslyriques.com\/index.php?rest_route=\/wp\/v2\/types\/page"}],"author":[{"embeddable":true,"href":"http:\/\/lesfurieslyriques.com\/index.php?rest_route=\/wp\/v2\/users\/1"}],"replies":[{"embeddable":true,"href":"http:\/\/lesfurieslyriques.com\/index.php?rest_route=%2Fwp%2Fv2%2Fcomments&post=17"}],"version-history":[{"count":22,"href":"http:\/\/lesfurieslyriques.com\/index.php?rest_route=\/wp\/v2\/pages\/17\/revisions"}],"predecessor-version":[{"id":2524,"href":"http:\/\/lesfurieslyriques.com\/index.php?rest_route=\/wp\/v2\/pages\/17\/revisions\/2524"}],"wp:attachment":[{"href":"http:\/\/lesfurieslyriques.com\/index.php?rest_route=%2Fwp%2Fv2%2Fmedia&parent=17"}],"curies":[{"name":"wp","href":"https:\/\/api.w.org\/{rel}","templated":true}]}}